{"id":1465,"date":"2025-10-01T11:53:03","date_gmt":"2025-10-01T11:53:03","guid":{"rendered":"https:\/\/aconcept.asia\/?page_id=1465"},"modified":"2025-10-01T11:59:09","modified_gmt":"2025-10-01T11:59:09","slug":"ve-a-concept","status":"publish","type":"page","link":"https:\/\/aconcept.asia\/index.php\/ve-a-concept\/","title":{"rendered":"V\u1ec1 \u00c0 Concept,"},"content":{"rendered":"\n<div class=\"wp-block-group alignfull has-accent-background-color has-background has-global-padding is-layout-constrained wp-container-core-group-is-layout-669513ed wp-block-group-is-layout-constrained\" style=\"margin-top:0;margin-bottom:0;padding-top:var(--wp--preset--spacing--50);padding-right:var(--wp--preset--spacing--50);padding-bottom:var(--wp--preset--spacing--50);padding-left:var(--wp--preset--spacing--50)\">\n<div class=\"wp-block-columns alignwide is-layout-flex wp-container-core-columns-is-layout-1da03c2a wp-block-columns-is-layout-flex\">\n<div class=\"wp-block-column is-vertically-aligned-stretch is-layout-flow wp-block-column-is-layout-flow\" style=\"flex-basis:50%\">\n<p class=\"has-text-align-center has-heading-font-family has-x-large-font-size\" style=\"border-style:none;border-width:0px;font-style:normal;font-weight:700\">Gi\u00e1 tr\u1ecb c\u1ed1t l\u00f5i: <\/p>\n\n\n\n<p class=\"has-text-align-center has-heading-font-family has-x-large-font-size\" style=\"border-style:none;border-width:0px;font-style:normal;font-weight:700\">Ng\u00f4n Ng\u1eef Th\u1ecb Gi\u00e1c V\u1ec1 Hoa<\/p>\n\n\n\n<div style=\"height:50px\" aria-hidden=\"true\" class=\"wp-block-spacer\"><\/div>\n\n\n\n<p class=\"has-heading-font-family has-medium-font-size\" style=\"line-height:1.2\">B\u1eb1ng c\u00e1ch k\u1ebft h\u1ee3p tinh t\u1ebf gi\u1eefa l\u00e1 \u2013 hoa \u2013 ch\u1ea5t li\u1ec7u v\u00e0 b\u1ea3ng m\u00e0u mang d\u1ea5u \u1ea5n ri\u00eang, ch\u00fang t\u00f4i t\u1ea1o ra nh\u1eefng \u1ea5n ph\u1ea9m c\u00e1 nh\u00e2n h\u00f3a, kh\u00f4ng ch\u1ec9 \u0111\u1eb9p trong ng\u00e0y c\u01b0\u1edbi m\u00e0 c\u00f2n gi\u1eef nguy\u00ean gi\u00e1 tr\u1ecb khi nh\u00ecn l\u1ea1i sau nhi\u1ec1u n\u0103m.<\/p>\n<\/div>\n\n\n\n<div class=\"wp-block-column is-vertically-aligned-center is-layout-flow wp-block-column-is-layout-flow\" style=\"flex-basis:50%\">\n<figure class=\"wp-block-image size-large is-resized is-style-rounded is-style-rounded--1\"><img loading=\"lazy\" decoding=\"async\" width=\"675\" height=\"1024\" src=\"https:\/\/aconcept.asia\/wp-content\/uploads\/2025\/10\/IMG_5552-675x1024.jpg\" alt=\"\" class=\"wp-image-1469\" style=\"width:365px;height:auto\" srcset=\"https:\/\/aconcept.asia\/wp-content\/uploads\/2025\/10\/IMG_5552-675x1024.jpg 675w, https:\/\/aconcept.asia\/wp-content\/uploads\/2025\/10\/IMG_5552-198x300.jpg 198w, https:\/\/aconcept.asia\/wp-content\/uploads\/2025\/10\/IMG_5552-768x1165.jpg 768w, https:\/\/aconcept.asia\/wp-content\/uploads\/2025\/10\/IMG_5552-1012x1536.jpg 1012w, https:\/\/aconcept.asia\/wp-content\/uploads\/2025\/10\/IMG_5552-1350x2048.jpg 1350w, https:\/\/aconcept.asia\/wp-content\/uploads\/2025\/10\/IMG_5552-scaled.jpg 1687w\" sizes=\"auto, (max-width: 675px) 100vw, 675px\" \/><\/figure>\n<\/div>\n<\/div>\n<\/div>\n\n\n\n<div class=\"wp-block-group alignfull has-base-background-color has-background has-global-padding is-layout-constrained wp-container-core-group-is-layout-d89aad35 wp-block-group-is-layout-constrained\" style=\"margin-top:0;margin-bottom:0;padding-top:var(--wp--preset--spacing--50);padding-right:var(--wp--preset--spacing--50);padding-bottom:var(--wp--preset--spacing--50);padding-left:var(--wp--preset--spacing--50)\">\n<div class=\"wp-block-columns alignwide is-layout-flex wp-container-core-columns-is-layout-549b0c86 wp-block-columns-is-layout-flex\">\n<div class=\"wp-block-column has-global-padding is-content-justification-left is-layout-constrained wp-container-core-column-is-layout-4f15e8fe wp-block-column-is-layout-constrained\" style=\"flex-basis:40%\">\n<p class=\"has-text-align-center\" style=\"font-size:clamp(2.021rem, 2.021rem + ((1vw - 0.2rem) * 2.632), 3.6rem);\"><mark style=\"background-color:rgba(0, 0, 0, 0);color:#11290ed9\" class=\"has-inline-color\">T\u00c1I <br>\u0110\u1ecaNH<br>NGH\u0128A<br>TH\u1ea8M<br>M\u1ef8<\/mark><\/p>\n<\/div>\n\n\n\n<div class=\"wp-block-column is-layout-flow wp-container-core-column-is-layout-119bc444 wp-block-column-is-layout-flow\" style=\"flex-basis:60%\">\n<p class=\"has-heading-font-family has-large-font-size\" style=\"font-style:normal;font-weight:400;line-height:1.2\">Kh\u00f4ng c\u00f3 \u201cc\u00f4ng th\u1ee9c chung\u201d cho h\u1ea1nh ph\u00fac, v\u00e0 \u0111\u00e1m c\u01b0\u1edbi c\u0169ng v\u1eady. \u00c0 Concept kh\u1edfi \u0111\u1ea7u m\u1ed7i d\u1ef1 \u00e1n b\u1eb1ng c\u00e2u chuy\u1ec7n c\u00e1 nh\u00e2n ch\u1ee9 kh\u00f4ng ph\u1ea3i b\u1eb1ng s\u1ef1 h\u00e0o nho\u00e1ng.<\/p>\n\n\n\n<div class=\"wp-block-columns is-layout-flex wp-container-core-columns-is-layout-87beb0d0 wp-block-columns-is-layout-flex\">\n<div class=\"wp-block-column is-layout-flow wp-block-column-is-layout-flow\">\n<p class=\"has-medium-font-size wp-container-content-9cfa9a5a\"><mark style=\"background-color:rgba(0, 0, 0, 0);color:#664415\" class=\"has-inline-color\">Th\u1ea9m m\u1ef9 kh\u00f4ng c\u00f2n l\u00e0 c\u00e1i \u0111\u1eb9p chung, m\u00e0 l\u00e0 c\u00e1i \u0111\u1eb9p <em>c\u00f3 c\u0103n nguy\u00ean<\/em> t\u1eeb c\u00e1 t\u00ednh v\u00e0 c\u00e2u chuy\u1ec7n ri\u00eang c\u1ee7a t\u1eebng ng\u01b0\u1eddi.<br>V\u00ec v\u1eady m\u1ed7i \u0111\u00e1m c\u01b0\u1edbi t\u1ea1i \u00c0 Concept l\u00e0 m\u1ed9t \u1ea5n ph\u1ea9m \u0111\u1ed9c b\u1ea3n, kh\u00f4ng sao ch\u00e9p. <\/mark><\/p>\n<\/div>\n\n\n\n<div class=\"wp-block-column is-layout-flow wp-block-column-is-layout-flow\">\n<p><mark style=\"background-color:rgba(0, 0, 0, 0);color:#664415\" class=\"has-inline-color\">70% l\u00e1 \u2013 30% hoa, hay b\u1ea5t k\u1ef3 t\u1ef7 l\u1ec7 n\u00e0o kh\u00e1c, c\u0169ng \u0111\u1ec1u l\u00e0 tuy\u00ean ng\u00f4n r\u1eb1ng s\u1ef1 t\u1ed1i gi\u1ea3n c\u00f3 th\u1ec3 v\u1eabn sang tr\u1ecdng v\u00e0 tr\u01b0\u1eddng t\u1ed3n, b\u1edfi \u00c0 Concept h\u01b0\u1edbng t\u1edbi s\u1ef1 c\u00e2n b\u1eb1ng gi\u1eefa th\u1ea9m m\u1ef9 v\u00e0 t\u1ef1 nhi\u00ean. <\/mark><\/p>\n<\/div>\n<\/div>\n<\/div>\n<\/div>\n<\/div>\n\n\n\n<div class=\"wp-block-group alignfull has-base-2-background-color has-background has-global-padding is-layout-constrained wp-container-core-group-is-layout-d89aad35 wp-block-group-is-layout-constrained\" style=\"margin-top:0;margin-bottom:0;padding-top:var(--wp--preset--spacing--50);padding-right:var(--wp--preset--spacing--50);padding-bottom:var(--wp--preset--spacing--50);padding-left:var(--wp--preset--spacing--50)\">\n<div class=\"wp-block-columns alignwide is-layout-flex wp-container-core-columns-is-layout-1da03c2a wp-block-columns-is-layout-flex\">\n<div class=\"wp-block-column is-vertically-aligned-center is-layout-flow wp-block-column-is-layout-flow\" style=\"flex-basis:60%\">\n<figure class=\"wp-block-image is-style-rounded wp-duotone-unset-3 is-style-rounded--2\"><img loading=\"lazy\" decoding=\"async\" width=\"1704\" height=\"2560\" src=\"https:\/\/aconcept.asia\/wp-content\/uploads\/2025\/10\/IMG_0860-scaled.jpg\" alt=\"\" class=\"wp-image-1470\" srcset=\"https:\/\/aconcept.asia\/wp-content\/uploads\/2025\/10\/IMG_0860-scaled.jpg 1704w, https:\/\/aconcept.asia\/wp-content\/uploads\/2025\/10\/IMG_0860-200x300.jpg 200w, https:\/\/aconcept.asia\/wp-content\/uploads\/2025\/10\/IMG_0860-682x1024.jpg 682w, https:\/\/aconcept.asia\/wp-content\/uploads\/2025\/10\/IMG_0860-768x1154.jpg 768w, https:\/\/aconcept.asia\/wp-content\/uploads\/2025\/10\/IMG_0860-1022x1536.jpg 1022w, https:\/\/aconcept.asia\/wp-content\/uploads\/2025\/10\/IMG_0860-1363x2048.jpg 1363w\" sizes=\"auto, (max-width: 1704px) 100vw, 1704px\" \/><\/figure>\n<\/div>\n\n\n\n<div class=\"wp-block-column is-layout-flow wp-block-column-is-layout-flow\" style=\"flex-basis:40%\">\n<h2 class=\"wp-block-heading\">T\u1ea1i sao l\u00e0 \u00c0 Concept m\u00e0 kh\u00f4ng ph\u1ea3i n\u01a1i kh\u00e1c?<\/h2>\n\n\n\n<p>. kh\u00f4ng ch\u1ec9 t\u1ed5 ch\u1ee9c m\u1ed9t s\u1ef1 ki\u1ec7n, ch\u00fang t\u00f4i s\u00e1ng t\u1ea1o ra m\u1ed9t \u1ea5n ph\u1ea9m ngh\u1ec7 thu\u1eadt c\u00e1 nh\u00e2n.<br><br>. kh\u00f4ng ch\u1ea1y theo trend hay th\u00ed nghi\u1ec7m m\u00e0u s\u1eafc m\u00e0 \u0111i theo tri\u1ebft l\u00fd <strong>\u201cm\u1ef9 h\u1ecdc hoa tr\u01b0\u1eddng t\u1ed3n\u201d<\/strong>.<br><br>. kh\u00f4ng ch\u1ec9 l\u00e0m nh\u1eefng \u0111i\u1ec1u l\u1edbn lao, m\u00e0 \u1edf c\u00e1ch b\u1ea1n \u0111\u1ed1i \u0111\u00e3i v\u1edbi nh\u1eefng chi ti\u1ebft nh\u1ecf nh\u1ea5t. <\/p>\n\n\n\n<div class=\"wp-block-buttons is-layout-flex wp-block-buttons-is-layout-flex\">\n<div class=\"wp-block-button\"><a class=\"wp-block-button__link wp-element-button\" href=\"https:\/\/aconcept.asia\/index.php\/our-services\/\">D\u1ecbch v\u1ee5 c\u1ee7a ch\u00fang t\u00f4i<\/a><\/div>\n<\/div>\n<\/div>\n<\/div>\n<\/div>\n\n\n\n<div class=\"wp-block-group alignfull has-accent-background-color has-background has-global-padding is-layout-constrained wp-container-core-group-is-layout-669513ed wp-block-group-is-layout-constrained\" style=\"margin-top:0;margin-bottom:0;padding-top:var(--wp--preset--spacing--50);padding-right:var(--wp--preset--spacing--50);padding-bottom:var(--wp--preset--spacing--50);padding-left:var(--wp--preset--spacing--50)\">\n<div class=\"wp-block-group is-vertical is-content-justification-center is-layout-flex wp-container-core-group-is-layout-ce155fab wp-block-group-is-layout-flex\">\n<h2 class=\"wp-block-heading has-text-align-center has-xx-large-font-size\">G\u1eb7p g\u1ee1 \u00c0 Concept<\/h2>\n\n\n\n<p class=\"has-text-align-center\">\u0110\u1ed9i ng\u0169 planner v\u00e0 decoration \u0111\u01b0\u1ee3c d\u1eabn d\u1eaft b\u1edfi Ms. An H\u1ea1 v\u00e0 Mr. Duy\u00ean Tu\u1ea5n. M\u1ecdi th\u00f4ng tin trao \u0111\u1ed5i ch\u1ec9 th\u00f4ng qua c\u00e1c k\u00eanh m\u1ea1ng x\u00e3 h\u1ed9i ch\u00ednh th\u1ee9c c\u1ee7a \u00c0 Concept (Facebook, Instagram, TikTok, Gmail) ho\u1eb7c tr\u1ef1c ti\u1ebfp v\u1edbi 2 ng\u01b0\u1eddi \u0111\u1ea1i di\u1ec7n c\u1ee7a ch\u00fang t\u00f4i. Ngo\u00e0i ph\u1ea1m vi tr\u00ean, \u00c0 Concept s\u1ebd kh\u00f4ng ch\u1ecbu tr\u00e1ch nhi\u1ec7m v\u1ec1 b\u1ea5t k\u1ef3 th\u00f4ng tin hay giao d\u1ecbch n\u00e0o kh\u00e1c.<\/p>\n<\/div>\n\n\n\n<figure class=\"wp-block-gallery has-nested-images columns-default is-cropped wp-block-gallery-6 is-layout-flex wp-block-gallery-is-layout-flex\">\n<figure class=\"wp-block-image size-large is-resized is-style-rounded is-style-rounded--4\"><img loading=\"lazy\" decoding=\"async\" width=\"1024\" height=\"1024\" data-id=\"1472\" src=\"https:\/\/aconcept.asia\/wp-content\/uploads\/2025\/10\/IMG_1809-2-1024x1024.jpg\" alt=\"\" class=\"wp-image-1472\" style=\"object-fit:cover;width:242px;height:auto\" srcset=\"https:\/\/aconcept.asia\/wp-content\/uploads\/2025\/10\/IMG_1809-2-1024x1024.jpg 1024w, https:\/\/aconcept.asia\/wp-content\/uploads\/2025\/10\/IMG_1809-2-300x300.jpg 300w, https:\/\/aconcept.asia\/wp-content\/uploads\/2025\/10\/IMG_1809-2-150x150.jpg 150w, https:\/\/aconcept.asia\/wp-content\/uploads\/2025\/10\/IMG_1809-2-768x768.jpg 768w, https:\/\/aconcept.asia\/wp-content\/uploads\/2025\/10\/IMG_1809-2-1536x1536.jpg 1536w, https:\/\/aconcept.asia\/wp-content\/uploads\/2025\/10\/IMG_1809-2-2048x2048.jpg 2048w\" sizes=\"auto, (max-width: 1024px) 100vw, 1024px\" \/><\/figure>\n\n\n\n<figure class=\"wp-block-image size-large is-resized is-style-rounded is-style-rounded--5\"><img loading=\"lazy\" decoding=\"async\" width=\"1024\" height=\"1024\" data-id=\"1473\" src=\"https:\/\/aconcept.asia\/wp-content\/uploads\/2025\/10\/0aff7db36743ed1db452-1024x1024.jpg\" alt=\"\" class=\"wp-image-1473\" style=\"object-fit:cover;width:244px;height:auto\" srcset=\"https:\/\/aconcept.asia\/wp-content\/uploads\/2025\/10\/0aff7db36743ed1db452-1024x1024.jpg 1024w, https:\/\/aconcept.asia\/wp-content\/uploads\/2025\/10\/0aff7db36743ed1db452-300x300.jpg 300w, https:\/\/aconcept.asia\/wp-content\/uploads\/2025\/10\/0aff7db36743ed1db452-150x150.jpg 150w, https:\/\/aconcept.asia\/wp-content\/uploads\/2025\/10\/0aff7db36743ed1db452-768x768.jpg 768w, https:\/\/aconcept.asia\/wp-content\/uploads\/2025\/10\/0aff7db36743ed1db452-1536x1536.jpg 1536w, https:\/\/aconcept.asia\/wp-content\/uploads\/2025\/10\/0aff7db36743ed1db452-2048x2048.jpg 2048w\" sizes=\"auto, (max-width: 1024px) 100vw, 1024px\" \/><\/figure>\n<\/figure>\n\n\n\n<div class=\"wp-block-columns alignwide is-layout-flex wp-container-core-columns-is-layout-4935966c wp-block-columns-is-layout-flex\" style=\"padding-right:0;padding-left:0\">\n<div class=\"wp-block-column is-layout-flow wp-block-column-is-layout-flow\">\n<div class=\"wp-block-group is-vertical is-content-justification-center is-nowrap is-layout-flex wp-container-core-group-is-layout-63bfd6c1 wp-block-group-is-layout-flex\">\n<p class=\"has-text-align-center has-small-font-size\"><strong> Ms. An H\u1ea1<\/strong><\/p>\n\n\n\n<p class=\"has-text-align-center has-body-font-family has-small-font-size\" style=\"font-style:italic;font-weight:300\"> Founder<\/p>\n\n\n\n<p class=\"has-body-font-family has-small-font-size\" style=\"font-style:italic;font-weight:300\">Wedding specialist<\/p>\n<\/div>\n<\/div>\n\n\n\n<div class=\"wp-block-column is-layout-flow wp-block-column-is-layout-flow\">\n<div class=\"wp-block-group is-vertical is-content-justification-center is-nowrap is-layout-flex wp-container-core-group-is-layout-63bfd6c1 wp-block-group-is-layout-flex\">\n<p class=\"has-text-align-center has-small-font-size\"><strong> Mr. Duy\u00ean Tu\u1ea5n<\/strong><\/p>\n\n\n\n<p class=\"has-text-align-left has-small-font-size\" style=\"font-style:italic;font-weight:300\"> Operation Manager<\/p>\n<\/div>\n<\/div>\n<\/div>\n<\/div>\n","protected":false},"excerpt":{"rendered":"<p>Gi\u00e1 tr\u1ecb c\u1ed1t l\u00f5i: Ng\u00f4n Ng\u1eef Th\u1ecb Gi\u00e1c V\u1ec1 Hoa B\u1eb1ng c\u00e1ch k\u1ebft h\u1ee3p tinh t\u1ebf gi\u1eefa l\u00e1 \u2013 hoa \u2013 ch\u1ea5t li\u1ec7u v\u00e0 b\u1ea3ng m\u00e0u mang d\u1ea5u \u1ea5n ri\u00eang, ch\u00fang t\u00f4i t\u1ea1o ra nh\u1eefng \u1ea5n ph\u1ea9m c\u00e1 nh\u00e2n h\u00f3a, kh\u00f4ng ch\u1ec9 \u0111\u1eb9p trong ng\u00e0y c\u01b0\u1edbi m\u00e0 c\u00f2n gi\u1eef nguy\u00ean gi\u00e1 tr\u1ecb khi nh\u00ecn l\u1ea1i [&hellip;]<\/p>\n","protected":false},"author":1,"featured_media":0,"parent":0,"menu_order":0,"comment_status":"closed","ping_status":"closed","template":"","meta":{"footnotes":""},"class_list":["post-1465","page","type-page","status-publish","hentry"],"_links":{"self":[{"href":"https:\/\/aconcept.asia\/index.php\/wp-json\/wp\/v2\/pages\/1465","targetHints":{"allow":["GET"]}}],"collection":[{"href":"https:\/\/aconcept.asia\/index.php\/wp-json\/wp\/v2\/pages"}],"about":[{"href":"https:\/\/aconcept.asia\/index.php\/wp-json\/wp\/v2\/types\/page"}],"author":[{"embeddable":true,"href":"https:\/\/aconcept.asia\/index.php\/wp-json\/wp\/v2\/users\/1"}],"replies":[{"embeddable":true,"href":"https:\/\/aconcept.asia\/index.php\/wp-json\/wp\/v2\/comments?post=1465"}],"version-history":[{"count":2,"href":"https:\/\/aconcept.asia\/index.php\/wp-json\/wp\/v2\/pages\/1465\/revisions"}],"predecessor-version":[{"id":1477,"href":"https:\/\/aconcept.asia\/index.php\/wp-json\/wp\/v2\/pages\/1465\/revisions\/1477"}],"wp:attachment":[{"href":"https:\/\/aconcept.asia\/index.php\/wp-json\/wp\/v2\/media?parent=1465"}],"curies":[{"name":"wp","href":"https:\/\/api.w.org\/{rel}","templated":true}]}}